 be g(1). Let x = 9 + r. Suppose 0 = 2*n - x*n + 36. What is the greatest common divisor of 18 and n?
18
Let s = -50 - -52. Suppose 0 = b + 2*o - 225, -5*b - s*o + 1125 = -o. What is the highest common divisor of 9 and b?
9
Let r(p) = -2*p**2 - 36*p - 140. Let o be r(-12). Let y = -1 - -5. Calculate the highest common divisor of y and o.
4
Let a = -42 - -97. Let v = -426 + 431. What is the greatest common divisor of a and v?
5
Suppose z = 3*p + 9, -2*z + 2*p = -2*p - 18. What is the highest common factor of 63 and z?
9
Let f be -2*12/9*-3. Suppose 2*q + 2 = -3*p, 5*p + 4*q = q - 2. Calculate the highest common divisor of f and p.
2
Let t(n) be the second derivative of n**4/12 - 2*n**3 + 17*n**2/2 + 6*n - 1. Let q be t(12). What is the highest common divisor of 51 and q?
17
Suppose -3 = 4*p - 31. Suppose 2*c - g = 70 + 83, -74 = -c + 3*g. What is the greatest common divisor of p and c?
7
Suppose 8*q - 955 = 101. Calculate the highest common factor of 66 and q.
66
Let k(m) = -3*m**3 + 4*m**2 + 7*m - 9. Let w be k(-4). Suppose 8*d - 5*d + 2*b = 636, -d - 3*b + w = 0. Calculate the highest common divisor of 42 and d.
42
Let x(j) = -2*j**2 + 4*j + 32. Let h be x(7). Let d = -8 - h. What is the greatest common factor of d and 24?
6
Let y(d) = 14*d**2 - 2. Let j be y(-1). Suppose 4*p - j = 0, -3*v - 2*p = 3*p - 81. What is the greatest common divisor of 33 and v?
11
Suppose -y + b = 37, 2*b + 146 - 16 = -4*y. Let c = -24 - y. Calculate the greatest common factor of 90 and c.
10
Let s = 7 - -10. Let n be (-128)/9 - 0 - (-4)/18. Let b(v) = v**3 + 15*v**2 + 13*v + 20. Let k be b(n). What is the greatest common factor of k and s?
17
Let l be (-2 + 3)*(4 - 3). Suppose -l = -r - 0*r. Let h = -4 + 13. Calculate the greatest common divisor of r and h.
1
Let r(j) = -j**2 + 12*j + 9. Let o be r(12). Let v = -5 + o. Suppose -v*x + 76 = -12. Calculate the highest common divisor of x and 44.
22
Let t be ((-4)/6)/((-4 - -16)/(-648)). Calculate the greatest common divisor of t and 84.
12
Suppose 4*n + 20 = 0, 4*n + 56 + 3 = 3*b. Let p = -5 + 8. Suppose s = -p*m + 85, 5*m = -s + 50 + 31. What is the greatest common factor of b and s?
13
Let j(a) = 7*a - 194. Let s be j(32). Calculate the greatest common factor of s and 45.
15
Let o(h) = -8*h + 0*h - 3 + 4*h + 7*h**2. Let x be o(-2). Suppose -c + 4*t - 5 = 0, -5*c + 3*t = -3*c. Calculate the highest common factor of c and x.
3
Let w be 244/10 - (-2)/(-5). Suppose f + 2*f - 18 = 0. Let m be (-4)/8*f - -6. What is the highest common divisor of m and w?
3
Suppose -364*f + 353*f = -473. What is the highest common factor of 344 and f?
43
Let j(d) = 8*d + 3. Let b be j(3). Suppose 2*y + 7 - b = 0. Let f be 2*((2 - 6/4) + 2). Calculate the highest common divisor of f and y.
5
Let i(b) = 3*b**2 + 2*b + 31. Let q be i(-13). Calculate the highest common factor of 32 and q.
32
Let f(z) = 6 - 59*z**2 + 117*z**2 - 48*z**2 + z. Let n be f(-2). Calculate the greatest common factor of 11 and n.
11
Let i(g) = 6*g - 150. Let u be i(26). Suppose -o + 14 = -1. Calculate the greatest common divisor of o and u.
3
Let z(f) = -f**3 + 39*f**2 + 2*f + 55. Let r be z(39). What is the greatest common divisor of 57 and r?
19
Let y = 21 + -42. Let n = y + 35. Suppose -b + n = 2. Calculate the greatest common divisor of b and 4.
4
Let r be (-33473)/(-102) - (-3 + 38/12). Calculate the greatest common divisor of 41 and r.
41
Let p(b) = b**2 - 3*b + 4. Suppose 10 = 4*a - 2. Let q be p(a). Suppose -q*l = -l - 21. What is the highest common divisor of 56 and l?
7
Suppose -8*u = -10*u + 8. Suppose 9*a - 55 = u*a. What is the highest common factor of 99 and a?
11
Let d = 22 - 21. Let p be (d - 3)/(4/(-6)). Let x be (4/(-4))/(p/(-48)). What is the highest common factor of 112 and x?
16
Let z(h) = 5*h - 7 + 1 - 3. Let x be z(6). Let r = 293 + -188. Calculate the highest common factor of r and x.
21
Suppose 0 = -9*q - 4*q + 728. Calculate the greatest common factor of q and 14.
14
Let w = 152 + -47. Let d(m) = 1 - 1 - 3*m**2 + 2*m - 2*m**3. Let i be d(-3). What is the greatest common divisor of i and w?
21
Let d(r) = -r**2 + 21*r + 2. Let k be d(4). Calculate the highest common divisor of k and 1015.
35
Suppose 2*j - 2*y - 62 = 0, 3*j - 10 = -4*y + 97. What is the greatest common divisor of j and 1749?
33
Suppose 22*g - 23*g = -184. Calculate the highest common divisor of g and 8.
8
Let j be (10 - 1)/((-2)/90). Let p = 772 + j. Suppose -p = -5*v - 7. Calculate the greatest common factor of 48 and v.
24
Let z be (0 - -4)*(-5)/4. Let v = z - -3. Let g = v + 20. Calculate the highest common divisor of g and 54.
18
Let v = 27 - 16. Let t be v/1*(-12)/(-3). Suppose -5*g = -6*u + 4*u - 63, -5*g = -3*u - 67. What is the highest common divisor of g and t?
11
Suppose 15*k - 17*k = -1360. What is the greatest common divisor of 68 and k?
68
Suppose 4*t + s = -32, 0 = -5*t + 2*s + s - 23. Let v = t - -29. Let m(f) = f**3 + 6*f**2 - f - 4. Let b be m(-6). What is the highest common factor of v and b?
2
Let m(h) = -26*h**3 - h**2 - 3*h - 2. Let p be m(-1). Calculate the highest common divisor of 182 and p.
26
Suppose -7 = 3*v + 5. Let w(b) = b**3 + 5*b**2 + b - 5. Let s be w(v). Suppose 0 = -3*d + s*d - 24. Calculate the highest common factor of d and 66.
6
Let n(h) = -h - 2. Let q be n(-5). Suppose -4*k - k = -30. Suppose -45 = -2*c - 4*v - 7, -3*v = -c - k. Calculate the greatest common factor of c and q.
3
Let z(g) = g**3 + 2*g - 2. Let s be z(2). Suppose -5*u - 10 = -s*u. Let b = 18 - u. What is the highest common divisor of b and 112?
16
Let r(u) = u**2 + 3*u - 4. Let a be r(5). Let q = 31 - 18. Suppose 0 = 3*f + 1 - q. Calculate the highest common divisor of a and f.
4
Suppose -5*z = -2*u + 33, -5*u + 0*u + 3*z + 92 = 0. Suppose -2*a = -a + 3*v - 136, a - 5*v = 128. What is the greatest common divisor of u and a?
19
Let v be 1/(-1)*15*-3. Let k = 109 - 104. Let y = 10 + k. What is the greatest common divisor of v and y?
15
Let s(q) = q + 14. Let a be s(7). Let o = 91 - a. Calculate the greatest common factor of 35 and o.
35
Let m be -372 - 6 - (-1 - -5). Let f = 603 + m. Let d = f - 126. What is the highest common divisor of d and 38?
19
Let d be (-1 + 1559)/2 - (24 - 28). What is the highest common factor of d and 54?
27
Suppose -100*n + 5145 = -51*n. Suppose 0 = -0*h - 4*h - 56. Let c be (-6)/21 + (-214)/h. Calculate the highest common divisor of c and n.
15
Let k = 192 - 166. Calculate the highest common divisor of k and 13.
13
Let h be (14 - 0)*(-3 - -4). Let i(u) = 6 - 6 - 6 + u**2 - u. Let x be i(5). What is the highest common divisor of h and x?
14
Let p(a) = -111*a + 15. Let t(u) = 8*u + 39. Let c be t(-5). Let q be p(c). Let g be (-30)/(2*-1) + -1. Calculate the highest common divisor of q and g.
14
Suppose -3*u + 4*m + 26 = -5, -5*u - 5*m + 5 = 0. Calculate the highest common divisor of 785 and u.
5
Let y be (6/7)/((-3)/(-21)). Suppose 0 = -b + 3*x + 54, 175*b = 170*b + 2*x + 322. What is the greatest common divisor of b and y?
6
Let u be (-2)/(-11) - 14172/22. Let i be (-1 - u/16) + (-9)/(-12). What is the greatest common divisor of i and 8?
8
Let v(o) be the second derivative of o**5/20 - o**4/3 + 4*o**3/3 - 3*o**2/2 - 14*o. Let u be v(3). Calculate the highest common divisor of u and 12.
12
Let y = -282 + 397. Let d = 31 + 7. Let f = 8 + d. Calculate the greatest common divisor of y and f.
23
Let n(b) = b**2 + 8*b - 9. Let f be n(5). Calculate the greatest common divisor of f and 24.
8
Suppose 0 = -5*v + 785 + 1555. Suppose 5*b = 9*b - v. Let m = -23 - -36. What is the highest common factor of m and b?
13
Let c = -94 - -185. Let s = c + -35. Calculate the highest common divisor of s and 16.
8
Let b be 8/18 + 1432/18. Let i be (-2)/7 - 72/(-7). Calculate the highest common factor of b and i.
10
Suppose x = 15 - 37. Let w = -14 - x. Let c be (4/w)/((-3)/(-90)). What is the highest common divisor of c and 165?
15
Suppose -17 - 37 = -9*y. Suppose 432 = -0*q + y*q. What is the greatest common divisor of q and 24?
24
Let r be -6*((-68)/12 - -5). Calculate the greatest common divisor of 16 and r.
4
Let k be -5 - (-5859)/45 - 8/(-10). Calculate the highest common factor of k and 90.
18
Suppose 1147*d = 1142*d + 600. Calculate the greatest common divisor 